{"id":8351,"date":"2023-06-18T03:20:46","date_gmt":"2023-06-18T06:20:46","guid":{"rendered":"https:\/\/vdoisp.com.br\/sites\/klareng\/?page_id=8351"},"modified":"2023-06-20T01:18:59","modified_gmt":"2023-06-20T04:18:59","slug":"esg","status":"publish","type":"page","link":"https:\/\/vdoisp.com.br\/sites\/klareng\/esg\/","title":{"rendered":"ESG"},"content":{"rendered":"<div class=\"wpb-content-wrapper\"><p>[vc_row full_width=&#8221;stretch_row_content_no_spaces&#8221; content_placement=&#8221;middle&#8221; css=&#8221;.vc_custom_1531737955388{padding-top: 0px !important;padding-bottom: 0px !important;background-color: #f4f7fc !important;}&#8221; el_class=&#8221;about-video&#8221;][vc_column width=&#8221;1\/2&#8243; css=&#8221;.vc_custom_1687070028392{padding-top: 0px !important;}&#8221;]<div class=\"rs-video-2\"><img decoding=\"async\" src=\"https:\/\/vdoisp.com.br\/sites\/klareng\/wp-content\/uploads\/2023\/06\/esg.jpg\" alt=\"\"><a class=\"popup-videos\" href=\"https:\/\/www.youtube.com\/watch?v=EymWKBqJnkg\" title=\"\">\r\n\t\t\t\t\t\t\t<i class=\"fa fa-play\"><\/i>\r\n\t\t\t\t\t\t<\/a>\r\n\t\t\t\t\t    <div class=\"overly-border\"><\/div>\r\n\t\t\t\t\t<\/div>[\/vc_column][vc_column width=&#8221;1\/2&#8243; css=&#8221;.vc_custom_1687070019528{padding-top: 50px !important;padding-right: 50px !important;padding-bottom: 50px !important;padding-left: 50px !important;}&#8221;]\r\n        <div class=\"rs-heading    \">\r\n        \t<div class=\"title-inner\">\r\n\t            \r\n\t            <h2>ESG<\/h2>\r\n\t        <\/div><\/div>[vc_column_text]A sigla ESG significa \u201cEnvironmental, Social and Governance\u201d (em ingl\u00eas, Ambiental, Social e Governan\u00e7a). Esses s\u00e3o os tr\u00eas pilares para avaliar at\u00e9 que ponto uma companhia atua em benef\u00edcio de objetivos socioambientais.<br \/>\nNas \u00faltimas d\u00e9cadas, vem crescendo o n\u00famero de empresas afinadas com a responsabilidade social e que t\u00eam consci\u00eancia de que o compromisso ecol\u00f3gico promove o bem-estar na comunidade e alavanca seu pr\u00f3prio modelo de neg\u00f3cios.<br \/>\nA Klar est\u00e1 sintonizada com essa nova realidade e sabe medir o seu impacto social em cada uma de suas pr\u00e1ticas e a\u00e7\u00f5es.[\/vc_column_text][\/vc_column][\/vc_row][vc_row full_width=&#8221;stretch_row_content_no_spaces&#8221; content_placement=&#8221;middle&#8221; disable_element=&#8221;yes&#8221; css=&#8221;.vc_custom_1687234735587{padding-top: 0px !important;padding-bottom: 0px !important;background-color: #f4f7fc !important;}&#8221; el_class=&#8221;about-video&#8221;][vc_column width=&#8221;1\/2&#8243; css=&#8221;.vc_custom_1687070036135{padding-top: 50px !important;padding-right: 50px !important;padding-bottom: 50px !important;padding-left: 50px !important;}&#8221; offset=&#8221;vc_hidden-sm vc_hidden-xs&#8221;]\r\n        <div class=\"rs-heading    \">\r\n        \t<div class=\"title-inner\">\r\n\t            \r\n\t            <h2>O que \u00e9 Biosaneamento?<\/h2>\r\n\t        <\/div><\/div>[vc_column_text]Segundo levantamento do Instituto Trata Brasil, 100 milh\u00f5es de brasileiros n\u00e3o t\u00eam coleta de esgoto em casa &#8211; 52,36% da popula\u00e7\u00e3o do pa\u00eds. \u00c9 diante desse quadro dram\u00e1tico que surge a preocupa\u00e7\u00e3o com a melhora do acesso ao saneamento b\u00e1sico no Brasil.<br \/>\nO prop\u00f3sito do Biosaneamento \u00e9 buscar a universaliza\u00e7\u00e3o do saneamento no pa\u00eds, garantindo condi\u00e7\u00f5es de vida dignas para as milh\u00f5es de fam\u00edlias. Para amenizar esse problema urgente, trabalhamos junto \u00e0s comunidades com solu\u00e7\u00f5es descentralizadas e a promo\u00e7\u00e3o de inova\u00e7\u00f5es tecnol\u00f3gicas.<br \/>\nCom a constru\u00e7\u00e3o e opera\u00e7\u00e3o de novas infraestruturas, Klar reconhece que o Biosaneamento tem impacto social e ambiental muito positivo e contribui para o desenvolvimento socioecon\u00f4mico.<br \/>\n[\/vc_column_text][\/vc_column][vc_column width=&#8221;1\/2&#8243; css=&#8221;.vc_custom_1687070047514{padding-top: 0px !important;}&#8221; offset=&#8221;vc_hidden-sm vc_hidden-xs&#8221;]<div class=\"rs-video-2\"><img decoding=\"async\" src=\"https:\/\/vdoisp.com.br\/sites\/klareng\/wp-content\/uploads\/2023\/06\/biosaneamento.jpg\" alt=\"\"><a class=\"popup-videos\" href=\"https:\/\/www.youtube.com\/watch?v=ZFXehSpfmJ8\" title=\"\">\r\n\t\t\t\t\t\t\t<i class=\"fa fa-play\"><\/i>\r\n\t\t\t\t\t\t<\/a>\r\n\t\t\t\t\t    <div class=\"overly-border\"><\/div>\r\n\t\t\t\t\t<\/div>[\/vc_column][\/vc_row]<\/p>\n<\/div>","protected":false},"excerpt":{"rendered":"<p>[vc_row full_width=&#8221;stretch_row_content_no_spaces&#8221; content_placement=&#8221;middle&#8221; css=&#8221;.vc_custom_1531737955388{padding-top: 0px !important;padding-bottom: 0px !important;background-color: #f4f7fc !important;}&#8221; el_class=&#8221;about-video&#8221;][vc_column width=&#8221;1\/2&#8243; css=&#8221;.vc_custom_1687070028392{padding-top: 0px !important;}&#8221;][\/vc_column][vc_column width=&#8221;1\/2&#8243; css=&#8221;.vc_custom_1687070019528{padding-top: 50px !important;padding-right: 50px !important;padding-bottom: 50px&#8230;<\/p>\n","protected":false},"author":1,"featured_media":0,"parent":0,"menu_order":0,"comment_status":"closed","ping_status":"closed","template":"","meta":{"footnotes":""},"class_list":["post-8351","page","type-page","status-publish","hentry"],"acf":[],"_links":{"self":[{"href":"https:\/\/vdoisp.com.br\/sites\/klareng\/wp-json\/wp\/v2\/pages\/8351","targetHints":{"allow":["GET"]}}],"collection":[{"href":"https:\/\/vdoisp.com.br\/sites\/klareng\/wp-json\/wp\/v2\/pages"}],"about":[{"href":"https:\/\/vdoisp.com.br\/sites\/klareng\/wp-json\/wp\/v2\/types\/page"}],"author":[{"embeddable":true,"href":"https:\/\/vdoisp.com.br\/sites\/klareng\/wp-json\/wp\/v2\/users\/1"}],"replies":[{"embeddable":true,"href":"https:\/\/vdoisp.com.br\/sites\/klareng\/wp-json\/wp\/v2\/comments?post=8351"}],"version-history":[{"count":11,"href":"https:\/\/vdoisp.com.br\/sites\/klareng\/wp-json\/wp\/v2\/pages\/8351\/revisions"}],"predecessor-version":[{"id":8432,"href":"https:\/\/vdoisp.com.br\/sites\/klareng\/wp-json\/wp\/v2\/pages\/8351\/revisions\/8432"}],"wp:attachment":[{"href":"https:\/\/vdoisp.com.br\/sites\/klareng\/wp-json\/wp\/v2\/media?parent=8351"}],"curies":[{"name":"wp","href":"https:\/\/api.w.org\/{rel}","templated":true}]}}